 is -3 + -442?
-445
In base 14, what is -2 + a4b?
a49
In base 10, what is 5 - 185?
-180
In base 11, what is 2 + 776?
778
In base 11, what is 27a + 3?
282
In base 10, what is -5 - -720?
715
In base 12, what is 5 - -5bb?
604
In base 10, what is -72 + 47?
-25
In base 8, what is 4 + 2076?
2102
In base 14, what is -33 - 3?
-36
In base 13, what is -5 - -a5b?
a56
In base 16, what is -1c + 9e?
82
In base 6, what is -34 + -4?
-42
In base 10, what is 16 + 19?
35
In base 6, what is -2 - 53?
-55
In base 7, what is -3526 + 5?
-3521
In base 7, what is 2130 + -2?
2125
In base 3, what is 2 + 2012220?
2012222
In base 5, what is -1 - 1413?
-1414
In base 15, what is 8 - -e49?
e52
In base 16, what is -189 - -4?
-185
In base 3, what is -11 + 1211111?
1211100
In base 15, what is -6 + 8a?
84
In base 16, what is -313 - 2?
-315
In base 5, what is -1032 - -42?
-440
In base 6, what is 102 + -15?
43
In base 10, what is -1 - -16?
15
In base 12, what is ab - -4?
b3
In base 15, what is bb + -2c?
8e
In base 14, what is -1b7 - -9?
-1ac
In base 8, what is 504 + 1?
505
In base 12, what is -42 - -1?
-41
In base 13, what is -c - 32?
-41
In base 11, what is 1a9 + 1?
1aa
In base 13, what is -26 + -79?
-a2
In base 12, what is -391 - 5?
-396
In base 4, what is 321 - -12?
333
In base 11, what is -50 + -10?
-60
In base 7, what is 1 + 22332?
22333
In base 9, what is -2 + -257?
-260
In base 13, what is 0 + 281?
281
In base 7, what is -2636 + 25?
-2611
In base 16, what is 1 + -8?
-7
In base 14, what is -8 - -71?
67
In base 9, what is -86 + -215?
-312
In base 10, what is -4 - -583?
579
In base 7, what is -1 - 133?
-134
In base 14, what is 124 - -4?
128
In base 12, what is 13 - -13?
26
In base 4, what is 333 + 10?
1003
In base 10, what is -5 + 2173?
2168
In base 10, what is 46 - -46?
92
In base 8, what is 3350 - -3?
3353
In base 9, what is 4 - -2175?
2180
In base 8, what is 14 + 5?
21
In base 15, what is 4 + 309?
30d
In base 2, what is 101111 - 110?
101001
In base 5, what is -1231 + -3?
-1234
In base 13, what is 27 + -1b?
9
In base 9, what is 1 + -1431?
-1430
In base 12, what is 716 + 2?
718
In base 5, what is -210 + -1?
-211
In base 10, what is -20 - 3?
-23
In base 7, what is 1 + -145?
-144
In base 12, what is -4 - 604?
-608
In base 12, what is 51 - -6?
57
In base 6, what is -122101 + -2?
-122103
In base 10, what is -11 - 14?
-25
In base 16, what is -7f - 3?
-82
In base 7, what is -104 + -146?
-253
In base 5, what is 1 + -4442?
-4441
In base 16, what is -5 + -45?
-4a
In base 7, what is 32011 - -1?
32012
In base 7, what is -113 + -326?
-442
In base 12, what is -8 + 24?
18
In base 16, what is d - 5?
8
In base 5, what is -1140002 + -3?
-1140010
In base 4, what is 2010 + -1?
2003
In base 5, what is -21 + 11?
-10
In base 13, what is 3 + -cb?
-c8
In base 11, what is -1 - 61?
-62
In base 9, what is -555 + 4?
-551
In base 16, what is 4 + 144?
148
In base 12, what is 8 - -4a?
56
In base 16, what is 2 + 20?
22
In base 13, what is 397 - 5?
392
In base 2, what is -111110011 - 101?
-111111000
In base 12, what is 7 - 1051?
-1046
In base 9, what is -3 + 404?
401
In base 5, what is 1011 - 10?
1001
In base 9, what is 1780 - -3?
1783
In base 9, what is -8 + -528?
-537
In base 4, what is -110 + 201?
31
In base 7, what is -14 - -52?
35
In base 16, what is -1 - 301?
-302
In base 12, what is 2 - 43?
-41
In base 16, what is 231 + 3?
234
In base 6, what is -535 - 43?
-1022
In base 8, what is -12 - -6?
-4
In base 10, what is 70 - 1?
69
In base 15, what is -71 + 1c?
-54
In base 9, what is 28 + -18?
10
In base 12, what is 18 + -6?
12
In base 9, what is -4 + 264?
260
In base 3, what is -200201 - -12?
-200112
In base 13, what is -8 + -50?
-58
In base 3, what is 20010 - -1?
20011
In base 11, what is 4 - -6?
a
In base 11, what is -3a2 + -2?
-3a4
In base 9, what is 24 + -3?
21
In base 13, what is -4 - -32?
2b
In base 8, what is -3 + -72?
-75
In base 2, what is 1111 + 10?
10001
In base 7, what is 136 - -34?
203
In base 9, what is 322 - -1?
323
In base 6, what is -14233 + -1?
-14234
In base 15, what is -6 + -193?
-199
In base 2, what is 10110011 + 1?
10110100
In base 6, what is 144 - 0?
144
In base 8, what is -3 + -416?
-421
In base 13, what is -1 - 423?
-424
In base 4, what is 31 + -21323?
-21232
In base 10, what is -27 + -112?
-139
In base 3, what is 12 + 1000?
1012
In base 16, what is 1 - 26?
-25
In base 12, what is 2 - -38?
3a
In base 5, what is 13 + -2424?
-2411
In base 7, what is 55 + 31?
116
In base 6, what is -1 + 14052?
14051
In base 7, what is -5 - 3046?
-3054
In base 7, what is 2 + 2155?
2160
In base 9, what is -326 - 3?
-330
In base 4, what is 3110 + 1?
3111
In base 4, what is -3 - 13301?
-13310
In base 16, what is 3 - a3?
-a0
In base 9, what is 16 - 86?
-70
In base 13, what is -2 - a08?
-a0a
In base 3, what is -20110 + 22?
-20011
In base 14, what is 10d + 7?
116
In base 16, what is 1f + 4?
23
In base 10, what is -112 + 3?
-109
In base 15, what is 13 + -68?
-55
In base 3, what is 11110 + 1001?
12111
In base 10, what is -3 - -14?
11
In base 10, what is -73 + -133?
-206
In base 8, what is -44 - 4?
-50
In base 11, what is 8 - 291?
-284
In base 16, what is -5 - 3df?
-3e4
In base 7, what is -150 + -15?
-165
In base 10, what is -8 + 1182?
1174
In base 16, what is -728 - -3?
-725
In base 13, what is 2 - 174?
-172
In base 8, what is 41 - 27?
12
In base 6, what is -1042 - 5?
-1051
In base 16, what is -67 + -4?
-6b
In base 2, what is 10011011101110 + 1?
10011011101111
In base 8, what is 5 + 173?
200
In base 12, what is 4 - -77?
7b
In base 2, what is -100 + 1010111?
1010011
In base 5, what is 343 - 2?
341
In base 9, what is 75 + -4?
71
In base 15, what is 19 - 2a?
-11
In base 2, what is 1000110100 - 110001?
1000000011
In base 15, what is -c - 2?
-e
In base 15, what is 3 + 0?
3
In base 11, what is 1a2 - 4?
199
In base 15, what is -b + 28?
1c
In base 3, what is 2200 - 1012?
1111
In base 5, what is -120131 - -3?
-120123
In base 6, what is 0 + 405?
405
In base 9, what is 445 - -3?
448
In base 13, what is -22 + -1?
-23
In base 10, what is -2552 - 0?
-2552
In base 11, what is -42 + 6?
-37
In base 15, what is 3a + -1?
39
In base 4, what is -13133 + -1132?
-20331
In base 11, what is 58 - -24?
81
In base 7, what is 236 + 5?
244
In base 12, what is a2 + -33?
6b
In base 9, what is 1 + -575?
-574
In base 5, what is -1210222 - 4?
-1210231
In base 3, what is 2011002110 - -11?
2011002121
In base 15, what is -4e + -19?
-68
In base 12, what is -4 + -169?
-171
In base 4, what is 0 + -2220?
-2220
In base 10, what is 465 + 23?
488
In base 10, what is -4 + 993?
989
In base 4, what is -10230 - -13?
-10211
In base 7, what is 15620 - 4?
15613
In base 4, what is 1 + -1212?
-1211
In base 13, what is 3 + 6a?
70
In base 10, what is 5 + 417?
422
In base 12, what is -199 - 5?
-1a2
In base 8, what is -1 - 116?
-117
In base 5, what is 0 + 20211?
20211
In base 11, what is -5118 - 2?
-511a
In base 13, what is 5 - -46?
4b
In base 10, what is -19 + 140?
121
In base 5, what is -3140 - -30?
-3110
In base 12, what is -2 - -42b?
429
In base 14, what is -c47 - -1?
-c46
In base 16, what is 19 + -4?
15
In base 4, what is 1 + -13122?
-13121
In base 4, what is 101103 + 1?
101110
In base 5, what is 204 - -14?
223
In base 8, what is -21 - 55?
-76
In base 15, what is a - 75?
-6a
In base 16, what is -3bf + -5?
-3c4
In base 8, what is 71 + 3?
74
In base 10, what is 53 + -1?
52
In base 12, what is 21 - 65?
-44
In base 4, what is -1232 + 333?
-233
In base 9, what is -28 + 0?
-28
In base 2, what is 1110111010 - -101?
1110111111
In base 5, what is -4133 + 21?
-4112
In base 7, what is -44603 - 4?
-44610
In base 3, what is -102100 - -21?
-102002
In base 3, what is 0 - 1212110?
-1212110
In base 13, what is -372 + 5?
-36a
In base 16, what is 0 + -2e?
-2e
In base 2, what is -10 + -1110010010?
-1110010100
In base 5, what is -2321 + 312?
-2004
In base 3, what is 12 - 2111?
-2022
In base 4, what is 133 + -2?
131
In base 3, what is -222021 + 1022?
-220222
In base 15, what is 5 - 2d?
-28
In base 16, what is 4 + -a?
-6
In base 10, what is -27 - -2?
-25
In base 12, what is 75 - 48?
29
In base 12, what is -6b - -5?
-66
In base 4, what is -3 + -10?
-13
In base 12, what is 638 + 5?
641
In base 5, what is 342 + -2?
340
In base 5, what is -1 + -1403?
-1404
In base 6, what is -2 - 2001?
